?
2, 3, 71
Suppose 3*u = -2*x + 62045, -4*u + 122*x + 82694 = 120*x. What are the prime factors of u?
23, 29, 31
Suppose -15 = 5*z, -507 = -a - 6*z + z. Suppose 2*m = -2*v + 516, 5*v - a = 3*v + 4*m. Let k = 375 - v. What are the prime factors of k?
2, 29
Let g be (27/6 - 1/2)*1. Let o be 3/g - (0 - (-759)/(-12)). Suppose 9*r - o = 7*r. What are the prime factors of r?
2
Let o(d) = -345*d**2 - d - 2*d - 346*d**2 + 9 + 697*d**2. List the prime factors of o(3).
2, 3
List the prime factors of 4 + -5 + (19572 - -27).
2, 41, 239
Suppose 2*k = -4*k + 18. Suppose -4*m + 0*m = -5*i + 280, -k*i - 280 = 4*m. Let x = m + 72. List the prime factors of x.
2
Let l(b) = -b**3 + 130 - 51*b - 35*b + 65*b + 16*b**2. List the prime factors of l(12).
2, 227
Suppose 8*k + 6*k = -19*k + 163185. What are the prime factors of k?
5, 23, 43
Let t be ((-2)/(-4))/((-4)/(-25176)*-3). Let y = t - -1892. What are the prime factors of y?
3, 281
Let b(w) = w**2 + 30*w + 13. Let h be b(-8). Let q = 471 + h. What are the prime factors of q?
2, 7, 11
Let v = -1863 - -2333. What are the prime factors of v?
2, 5, 47
Let d be (-2 - 2371)/((390/40)/(-13)). Suppose -3*y = -x - 4108, 3*x = -3*y + d + 928. What are the prime factors of y?
2, 3, 19
Suppose 5*b + 4*b - 6*b = 0. Let j(y) = -2*y + 7. Let m be j(b). Let a(r) = -r**3 + 6*r**2 + 7*r + 8. List the prime factors of a(m).
2
Suppose -13*u = 21*u + 476. Let c(v) = -v**3 - 9*v**2 - 9*v + 2. What are the prime factors of c(u)?
2, 277
Let u = 16843 - 8583. What are the prime factors of u?
2, 5, 7, 59
Let r = 817 + 88. What are the prime factors of r?
5, 181
List the prime factors of (-7 + (-187)/(-17))*((-8844)/(-16) - 2).
2203
Let b(u) = -20*u + 1 - 2 + 2 - 2. Suppose 9 = -4*r + 5*m, r - m - 4*m = -6. What are the prime factors of b(r)?
19
Let o be (-12 + 705/60)/(1/(-16)). Suppose -525 = -5*y - 5*m, o*m + 2 - 95 = -y. What are the prime factors of y?
109
Let j(m) = -412*m + 179. What are the prime factors of j(-17)?
11, 653
Suppose -2*o + 24 = 4*t, 2*o - 20 = -3*t - 0*t. Suppose 0 = o*g - 62 - 110. Suppose -g = b - 127. What are the prime factors of b?
2, 3, 7
Let g(j) = -34*j + 19. Let o be g(23). Let c = -277 - o. What are the prime factors of c?
2, 3
Let o(d) be the third derivative of d**6/120 + 17*d**5/60 - 11*d**4/24 - 35*d**3/3 + 191*d**2. List the prime factors of o(-11).
3, 7, 37
Suppose -18*x - 58 + 220 = 0. List the prime factors of ((-90)/((-50)/(-10)))/((-1)/x).
2, 3
List the prime factors of (26/8)/((-204)/(-4745040)).
5, 13, 1163
List the prime factors of 1037 - (31 + -27)*(-10)/4.
3, 349
Suppose o + 5*b = 41202, -100 = 3*b - 82. What are the prime factors of o?
2, 3, 859
Let c = 115951 - 63538. List the prime factors of c.
3, 17471
Suppose -6*x - 7*x = -468. Suppose -x*p + 13991 = -19*p. What are the prime factors of p?
823
Let f = 2577 + 4037. List the prime factors of f.
2, 3307
Suppose -15*x + 828 = -3*x. Let v = x - -256. What are the prime factors of v?
5, 13
Let i(d) be the first derivative of -127*d**2/2 + 276*d - 182. List the prime factors of i(-5).
911
Let v = -80871 - -117549. What are the prime factors of v?
2, 3, 6113
What are the prime factors of 2/(-4)*528/44 - -20573?
131, 157
Let c be (6 - (-14)/(-1))/((-4)/178). Let v be (c/(-2))/(7/(-7)). Suppose -i - v = -3*i. List the prime factors of i.
89
Let l(b) = 96*b**3 - 341*b**2 + 11*b + 52. List the prime factors of l(11).
2, 3, 7, 43
Let f(c) = 3*c**2 - 17*c + 53. Let m be f(6). Suppose -m*s + 56*s = -3840. What are the prime factors of s?
2, 5
Let g be ((-15345)/198)/(1/(-2)). Let c(r) = -85*r**2 - r + 1. Let t be c(1). Let a = t + g. What are the prime factors of a?
2, 5, 7
Suppose j + 4*l = 59, j + 3*l = -186 + 240. Let h(u) = 6*u**3 - 4*u**2 + 3*u. Let q be h(3). Suppose 3*d - j = q. List the prime factors of d.
2, 29
Suppose -25*c - 6 = -27*c. Suppose -9 = -3*v, o + 3*o + c*v = 4269. What are the prime factors of o?
3, 5, 71
Let q = 1678 - 285. Let t be q/13 - 2/13. List the prime factors of t - (2/(-5) + (-70)/(-50)).
2, 53
Let v(x) = 2*x**3 - 19*x**2 + 31*x - 23. Suppose 0 = 20*r - 54 - 166. What are the prime factors of v(r)?
3, 227
Let n(h) be the third derivative of 1/15*h**5 + 1/120*h**6 - 2*h**2 + 1/6*h**3 - 1/12*h**4 + 0*h + 0. What are the prime factors of n(-3)?
2
Let i(x) = -x**3 - 10*x**2 + 18*x + 10. Let z be i(-12). What are the prime factors of (-15)/(-3) - z/(-1)?
3, 29
Let f be 138/(-14) + 5 + 108/(-21). Let y(q) = q**3 + 10*q**2 + q - 9. Let h be y(f). Let b = h + 49. What are the prime factors of b?
2, 3, 5
Suppose 17*z - 2*w = 18*z - 11847, 2*z - w - 23699 = 0. List the prime factors of z.
17, 41
Let c(l) = 299*l**2 - 114*l + 514. What are the prime factors of c(10)?
2, 3, 7, 17, 41
Let v(m) = 114*m + 104. Let w be v(-11). Let b = w - -1715. What are the prime factors of b?
5, 113
What are the prime factors of 1/(-7) + (-20575270)/(-1778)?
2, 11, 263
Let c = -3378 - -6262. What are the prime factors of c?
2, 7, 103
Suppose -r - 159*h + 156*h + 24951 = 0, 49877 = 2*r + h. List the prime factors of r.
2, 3, 1039
Let n(p) = p + 9. Let u be n(-5). Suppose -2*r + u = -3*j, -2*j - 1 = -r + 1. Suppose j*c = -c + 128. List the prime factors of c.
2
List the prime factors of 30/(-3)*(-9 - (-8685)/(-10)) + 5.
2, 5, 439
Let u = -103572 - -65577. Let r = -20620 - u. List the prime factors of r/75 - (-4)/(-6).
3, 7, 11
Suppose 0 = 6*t - 11*t + 275. Suppose -63*j + 2288 = -t*j. List the prime factors of j.
2, 11, 13
Suppose -4*r + 3*m = -24762, 4*m - 24776 = -14*r + 10*r. What are the prime factors of r?
2, 3, 43
Suppose 15*y - 1839 = -571 + 14107. List the prime factors of y.
5, 41
Suppose -m + 2*y + 6572 = 0, -17*m + 18*m - y = 6565. List the prime factors of m.
2, 3, 1093
Let f = -79619 + 136528. What are the prime factors of f?
56909
Let s = 189 - 186. Suppose m - 2395 = -3*y + 309, -s*m = 3*y - 2706. What are the prime factors of y?
17, 53
Let x(g) = g - 35. Let o be x(41). What are the prime factors of -1 - (-8 + o)/(1/137)?
3, 7, 13
Let n(a) = 20*a**2 - 17*a + 15. Let i be n(1). Suppose 0 = -2*p + 2*v + 514, -4*p + v = p - 1305. Suppose 2*l + i = p. List the prime factors of l.
2, 61
Let n be (3/9)/(4/132). List the prime factors of (0 + n)/(6/18).
3, 11
Suppose -2*b + 4 = 0, -w + 5*b = -3*w + 892. Let z = w - -76. Suppose 3*s = 5*n - z, 4*n - 412 = 2*s + 2*s. List the prime factors of n.
2, 13
Suppose d = -2*d + z, d - 5*z = 14. What are the prime factors of -39*d/((-9)/(-4))*6?
2, 13
Let q = -1545 + 3618. List the prime factors of q.
3, 691
Let l(s) be the second derivative of -125*s**4/12 - s**3/3 + 3*s**2/2 + 14*s. Let g be l(1). Let n = g + 184. What are the prime factors of n?
2, 3, 5
Suppose -62 = -3*n + q, n + 0*q = 3*q + 18. Suppose 6*r = n*r - 5205. List the prime factors of r.
347
Let a = -8 + 3. Let k(d) = d**2 + 6*d + 10. Let u be k(a). Suppose 2*l - 71 = -5*r, u*l + 3*r - 209 = r. What are the prime factors of l?
43
Let q(h) = -3*h**2 - 6*h - 31. Let b be q(-3). Let p = b + 349. What are the prime factors of p?
3, 103
Suppose 80*s + 12200 = 72*s. Let z = -1000 - s. What are the prime factors of z?
3, 5, 7
Let b be (-24)/9*((-45)/(-6))/(-5). Suppose b*t + 0*z = 3*z + 1517, 0 = -3*t + 5*z + 1135. What are the prime factors of t?
2, 5, 19
What are the prime factors of 85/34*468842/55?
101, 211
Suppose 40 = 4*x + x. Suppose 73*s = 102*s - 22475. Suppose x*q + s = 13*q. What are the prime factors of q?
5, 31
Let p = 6083 + -4996. What are the prime factors of p?
1087
Let z(g) = 9*g**2 + 34*g - 786. What are the prime factors of z(38)?
2, 43, 157
List the prime factors of (29526/630 - 47) + (-638792)/(-15).
2, 107, 199
Let v = 396 - -42. Suppose 3*l + 150 = -v. What are the prime factors of ((-5)/(-20))/((-1)/l)?
7
What are the prime factors of 78/(-4)*253682/(-429)?
13, 887
Suppose -v = 3*z, 5*v - 14*z = -12*z + 68. Suppose 11*h = -v*h + 10005. What are the prime factors of h?
3, 5, 29
Let n be 197694/42*(-4)/6. Let w = -1871 - n. List the prime factors of w.
7, 181
Suppose -2*p = 4*l - 10314, 4*p + 0*l - 20584 = 3*l. List the prime factors of p.
19, 271
Suppose -145 = -2*l + 3*n, 59 = l - 4*n - 26. Let o = l + -25. Suppose 199 = 3*y + o. List the prime factors of y.
53
Suppose -10 = 2*f, -5*z - 5*f + 20 = 70. Let p be (